 number?
True
Is 237445987 prime?
False
Is 6810419921 prime?
False
Is 167000597 a composite number?
False
Is 1255741451 composite?
True
Is 21231901451 prime?
False
Is 73353218987 a prime number?
True
Is 10221675691 a composite number?
True
Is 2662416179 composite?
False
Is 7818395945 composite?
True
Is 6666145531 prime?
False
Is 75097967783 a prime number?
True
Is 58598404817 prime?
True
Is 2178415651 a prime number?
True
Is 556637849 prime?
True
Is 222219220423 composite?
True
Is 5310114731 prime?
True
Is 55714973593 composite?
True
Is 343990997693 composite?
True
Is 1426747823 prime?
True
Is 148525009 prime?
False
Is 3133717843 a prime number?
True
Is 27918355151 composite?
False
Is 894750826 prime?
False
Is 1071196331 a prime number?
False
Is 40619206871 a composite number?
False
Is 997643369 prime?
True
Is 705293635 a prime number?
False
Is 2317800461 prime?
True
Is 18666324379 composite?
True
Is 1633007443 prime?
True
Is 124174035419 prime?
False
Is 969803857 composite?
True
Is 3167330251 a prime number?
True
Is 5373466531 prime?
False
Is 43212253049 prime?
False
Is 90144026647 a prime number?
False
Is 1027382869 composite?
True
Is 533072753 a prime number?
False
Is 20923287443 a composite number?
False
Is 361764703 composite?
False
Is 13842173117 prime?
True
Is 5230395871 a prime number?
False
Is 68646962947 composite?
False
Is 192796561 a composite number?
False
Is 10646243429 a composite number?
True
Is 412476269 prime?
True
Is 2538292513 a composite number?
True
Is 6932981359 composite?
False
Is 4841653 a prime number?
False
Is 2095661747 a prime number?
True
Is 9425869931 a composite number?
True
Is 1453666558 prime?
False
Is 1421401999 composite?
True
Is 883385513 prime?
True
Is 793369097 a prime number?
True
Is 28385870791 prime?
True
Is 27468973 prime?
False
Is 74960711209 prime?
False
Is 11791651097 prime?
False
Is 85223376863 a prime number?
True
Is 13891483499 composite?
False
Is 5325896423 a prime number?
True
Is 4246390361 prime?
True
Is 8044298167 prime?
False
Is 41239284943 a prime number?
True
Is 12472975873 prime?
False
Is 130452901 prime?
True
Is 770542859 prime?
True
Is 135752493 a prime number?
False
Is 17085186103 composite?
True
Is 35361742433 composite?
True
Is 728365195957 composite?
True
Is 3445591159 a prime number?
True
Is 27527528569 a composite number?
True
Is 27880867333 composite?
True
Is 265066001 a composite number?
True
Is 18518244713 a prime number?
False
Is 27611536283 prime?
True
Is 60661244779 a prime number?
True
Is 5777563921 a composite number?
False
Is 4440839217 a composite number?
True
Is 4308050573 composite?
False
Is 2769529121 composite?
False
Is 3076991 a prime number?
True
Is 21818614157 a prime number?
True
Is 4357697819 a prime number?
True
Is 118959273395 a prime number?
False
Is 19323525251 prime?
False
Is 832733917 composite?
False
Is 1827419161 prime?
False
Is 178348067 a composite number?
False
Is 22402870429 a prime number?
True
Is 2677282877 a prime number?
True
Is 54412487 a prime number?
True
Is 7536468539 a prime number?
True
Is 21988040201 a composite number?
True
Is 107209802593 a prime number?
True
Is 4591639097 a composite number?
False
Is 2496182609 composite?
False
Is 1092397853 a prime number?
False
Is 164671769 composite?
False
Is 5701142267 composite?
False
Is 48192281099 a prime number?
True
Is 12446361931 composite?
False
Is 28412172331 composite?
False
Is 47387972227 a composite number?
False
Is 29147771189 a prime number?
True
Is 56345330387 a composite number?
True
Is 202875221 a composite number?
True
Is 1727786677 a composite number?
False
Is 68443271 a prime number?
False
Is 3199866521 a prime number?
True
Is 3402354093 prime?
False
Is 10878413201 a prime number?
False
Is 4253506967 prime?
True
Is 2176187353 composite?
True
Is 7225033447 a composite number?
True
Is 168517257397 a prime number?
False
Is 7579945843 a prime number?
True
Is 419079097 a prime number?
True
Is 15453102449 a prime number?
True
Is 31375346381 a composite number?
False
Is 4937024303 prime?
True
Is 26027409817 prime?
True
Is 23064825551 composite?
False
Is 3648853363 composite?
True
Is 126711579833 composite?
True
Is 2413930229 composite?
True
Is 5923946887 a prime number?
True
Is 11030495491 prime?
True
Is 142570163 prime?
False
Is 19143298451 a prime number?
False
Is 3401856907 a prime number?
False
Is 5603274977 a composite number?
False
Is 7053643879 a prime number?
True
Is 1596918109 prime?
True
Is 51985441 a prime number?
False
Is 67152319099 prime?
False
Is 469880647 composite?
True
Is 23567280797 a prime number?
True
Is 480435023731 a prime number?
False
Is 182624215207 a composite number?
True
Is 5752653279 prime?
False
Is 36398409431 a composite number?
False
Is 3280165039 composite?
True
Is 9315335489 a prime number?
True
Is 3171440953 a prime number?
False
Is 903494281 a composite number?
False
Is 50416093649 a composite number?
False
Is 11285091617 prime?
False
Is 12604701337 a prime number?
True
Is 575370547 prime?
False
Is 5767526671 prime?
True
Is 292581337 a composite number?
True
Is 190838101171 composite?
False
Is 205839887137 a prime number?
True
Is 15131980013 prime?
True
Is 5626530437 composite?
True
Is 170420473 a composite number?
False
Is 18221942927 prime?
True
Is 4125039371 a prime number?
True
Is 234918311059 composite?
False
Is 22999163069 prime?
False
Is 3251376923 composite?
False
Is 712022489 a prime number?
True
Is 27467351965 composite?
True
Is 45209536607 a composite number?
False
Is 5868635981 composite?
True
Is 155796253 a prime number?
True
Is 89205384007 a composite number?
True
Is 256166177 prime?
False
Is 6296049043 a composite number?
True
Is 1616561507 a prime number?
False
Is 6259606303 prime?
False
Is 459907517 composite?
True
Is 9562329701 a composite number?
False
Is 470462731 a prime number?
False
Is 19118148169 prime?
True
Is 263781919 a prime number?
True
Is 12098465611 a composite number?
True
Is 428562007 a prime number?
True
Is 8082699089 prime?
True
Is 1826044823 a composite number?
True
Is 3637942073 a prime number?
True
Is 28601399677 prime?
True
Is 316828379 a composite number?
True
Is 84178096091 composite?
True
Is 101818538953 a composite number?
False
Is 15010793857 a prime number?
True
Is 663265051 composite?
True
Is 2004346789 composite?
False
Is 766747687 prime?
True
Is 8835231313 a composite number?
True
Is 1552103303 a composite number?
False
Is 41553008927 prime?
False
Is 1970075749 prime?
False
Is 14078177423 prime?
False
Is 26317269023 a prime number?
True
Is 63310853 a composite number?
False
Is 8943175433 prime?
False
Is 14479470389 composite?
True
Is 501609469 prime?
False
Is 278715167 composite?
True
Is 325104707 a composite number?
True
Is 45053533873 composite?
True
Is 7580926271 a prime number?
True
Is 3885678989 a composite number?
False
Is 4565642629 a prime number?
False
Is 45904509041 prime?
True
Is 99202241 composite?
True
Is 678105721 prime?
False
Is 954990739 a prime number?
True
Is 4470491371 composite?
False
Is 50381206717 a composite number?
False
Is 51743321998 a prime number?
False
Is 96202265 composite?
True
Is 3707720657 prime?
False
Is 894318463 prime?
True
Is 2500021354 a prime number?
False
Is 107343101 a composite number?
True
Is 3539696903 a prime number?
False
Is 1623824099 a prime number?
True
Is 2197798423 prime?
True
Is 663074261 a composite number?
True
Is 40064683361 prime?
False
Is 3284127733 a composite number?
True
Is 1127821417 a prime number?
False
Is 5586832063 a composite number?
True
Is 707204593 a composite number?
True
Is 891505101 a prime number?
False
Is 3131650201 composite?
True
Is 690107051 a composite number?
False
Is 14372629681 a prime number?
True
Is 3718505159 composite?
True
Is 940688527 composite?
False
Is 766555997 composite?
True
Is 4794399299 a prime number?
True
Is 1258509755 a prime number?
False
Is 1133729053 a composite number?
False
Is 6070870567 prime?
False
Is 3425014211 composite?
True
Is 38423241047 prime?
True
Is 397242667 composite?
True
Is 8001949 prime?
True
Is 27104484221 a composite number?
True
Is 60992031583 a prime number?
False
Is 15844922183 a prime number?
False
Is 580585027 composite?
True
Is 53004651233 prime?
False
Is 537222811 composite?